{"id":1030,"date":"2022-09-14T14:05:04","date_gmt":"2022-09-14T19:05:04","guid":{"rendered":"https:\/\/generation-e.ca\/?post_type=resources&#038;p=1030"},"modified":"2026-01-26T21:09:26","modified_gmt":"2026-01-27T03:09:26","slug":"imaginez-trois-jours-sans-electricite","status":"publish","type":"resources","link":"https:\/\/generation-e.ca\/fr\/ressources\/imaginez-trois-jours-sans-electricite\/","title":{"rendered":"Imaginez: trois jours sans \u00e9lectricit\u00e9"},"content":{"rendered":"<p><div class=\"fusion-fullwidth fullwidth-box fusion-builder-row-1 fusion-flex-container has-pattern-background has-mask-background nonhundred-percent-fullwidth non-hundred-percent-height-scrolling\" style=\"--awb-border-radius-top-left:0px;--awb-border-radius-top-right:0px;--awb-border-radius-bottom-right:0px;--awb-border-radius-bottom-left:0px;--awb-padding-right:0px;--awb-padding-left:0px;--awb-flex-wrap:wrap;\" ><div class=\"fusion-builder-row fusion-row fusion-flex-align-items-flex-start fusion-flex-content-wrap\" style=\"max-width:1248px;margin-left: calc(-4% \/ 2 );margin-right: calc(-4% \/ 2 );\"><div class=\"fusion-layout-column fusion_builder_column fusion-builder-column-0 fusion_builder_column_1_1 1_1 fusion-flex-column\" style=\"--awb-bg-size:cover;--awb-width-large:100%;--awb-margin-top-large:0px;--awb-spacing-right-large:1.92%;--awb-margin-bottom-large:20px;--awb-spacing-left-large:1.92%;--awb-width-medium:100%;--awb-order-medium:0;--awb-spacing-right-medium:1.92%;--awb-spacing-left-medium:1.92%;--awb-width-small:100%;--awb-order-small:0;--awb-spacing-right-small:1.92%;--awb-spacing-left-small:1.92%;\"><div class=\"fusion-column-wrapper fusion-column-has-shadow fusion-flex-justify-content-flex-start fusion-content-layout-column\"><div class=\"fusion-text fusion-text-1\"><p>Les \u00e9l\u00e8ves seront invit\u00e9s \u00e0 planifier la mani\u00e8re dont ils r\u00e9agiraient \u00e0 trois jours sans \u00e9lectricit\u00e9. Ils r\u00e9fl\u00e9chiront \u00e0 la fa\u00e7on dont leurs activit\u00e9s quotidiennes typiques changeraient, par exemple comment ils se d\u00e9placeraient, comment ils occuperaient leur temps, ce qu\u2019ils mangeraient et comment ils cuisineraient leurs aliments. Cette activit\u00e9 encourage les \u00e9l\u00e8ves \u00e0 r\u00e9fl\u00e9chir aux fa\u00e7ons dont ils utilisent ou \u00e9conomisent l\u2019\u00e9nergie dans leurs activit\u00e9s quotidiennes.<\/p>\n<\/div><\/div><\/div><\/div><\/div><div class=\"fusion-fullwidth fullwidth-box fusion-builder-row-2 fusion-flex-container has-pattern-background has-mask-background nonhundred-percent-fullwidth non-hundred-percent-height-scrolling\" style=\"--awb-border-radius-top-left:0px;--awb-border-radius-top-right:0px;--awb-border-radius-bottom-right:0px;--awb-border-radius-bottom-left:0px;--awb-padding-right:0px;--awb-padding-left:0px;--awb-flex-wrap:wrap;\" ><div class=\"fusion-builder-row fusion-row fusion-flex-align-items-flex-start fusion-flex-content-wrap\" style=\"max-width:1248px;margin-left: calc(-4% \/ 2 );margin-right: calc(-4% \/ 2 );\"><div class=\"fusion-layout-column fusion_builder_column fusion-builder-column-1 fusion_builder_column_1_1 1_1 fusion-flex-column resource-download-area\" style=\"--awb-bg-size:cover;--awb-width-large:100%;--awb-margin-top-large:0px;--awb-spacing-right-large:1.92%;--awb-margin-bottom-large:20px;--awb-spacing-left-large:1.92%;--awb-width-medium:100%;--awb-order-medium:0;--awb-spacing-right-medium:1.92%;--awb-spacing-left-medium:1.92%;--awb-width-small:100%;--awb-order-small:0;--awb-spacing-right-small:1.92%;--awb-spacing-left-small:1.92%;\"><div class=\"fusion-column-wrapper fusion-column-has-shadow fusion-flex-justify-content-flex-start fusion-content-layout-column\"><div ><a class=\"fusion-button button-flat fusion-button-default-size button-custom fusion-button-default button-1 fusion-button-default-span fusion-button-default-type resource-download-button\" style=\"--button_accent_color:var(--awb-color1);--button_accent_hover_color:var(--awb-color1);--button_border_hover_color:var(--awb-color1);--button_gradient_top_color:var(--awb-custom_color_3);--button_gradient_bottom_color:var(--awb-custom_color_3);--button_gradient_top_color_hover:var(--awb-custom_color_1);--button_gradient_bottom_color_hover:var(--awb-custom_color_1);\" target=\"_blank\" rel=\"noopener noreferrer\" href=\"https:\/\/generation-e.ca\/wp-content\/uploads\/2022\/11\/Dans_le_noir_plan_de_lecon.pdf\"><span class=\"fusion-button-text awb-button__text awb-button__text--default\">T\u00e9l\u00e9charger le plan de le\u00e7on<\/span><i class=\"fa-arrow-down fas awb-button__icon awb-button__icon--default button-icon-right\" aria-hidden=\"true\"><\/i><\/a><\/div><div ><a class=\"fusion-button button-flat fusion-button-default-size button-custom fusion-button-default button-2 fusion-button-default-span fusion-button-default-type resource-download-button\" style=\"--button_accent_color:var(--awb-color1);--button_accent_hover_color:var(--awb-color1);--button_border_hover_color:var(--awb-color1);--button_gradient_top_color:var(--awb-custom_color_3);--button_gradient_bottom_color:var(--awb-custom_color_3);--button_gradient_top_color_hover:var(--awb-custom_color_1);--button_gradient_bottom_color_hover:var(--awb-custom_color_1);\" target=\"_blank\" rel=\"noopener noreferrer\" href=\"https:\/\/generation-e.ca\/wp-content\/uploads\/2022\/11\/Dans_le_noir_presentation.pdf\"><span class=\"fusion-button-text awb-button__text awb-button__text--default\">T\u00e9l\u00e9charger la pr\u00e9sentation<\/span><i class=\"fa-arrow-down fas awb-button__icon awb-button__icon--default button-icon-right\" aria-hidden=\"true\"><\/i><\/a><\/div><\/div><\/div><div class=\"fusion-layout-column fusion_builder_column fusion-builder-column-2 fusion_builder_column_1_1 1_1 fusion-flex-column resource-download-area\" style=\"--awb-bg-size:cover;--awb-width-large:100%;--awb-margin-top-large:0px;--awb-spacing-right-large:1.92%;--awb-margin-bottom-large:20px;--awb-spacing-left-large:1.92%;--awb-width-medium:100%;--awb-order-medium:0;--awb-spacing-right-medium:1.92%;--awb-spacing-left-medium:1.92%;--awb-width-small:100%;--awb-order-small:0;--awb-spacing-right-small:1.92%;--awb-spacing-left-small:1.92%;\"><div class=\"fusion-column-wrapper fusion-column-has-shadow fusion-flex-justify-content-flex-start fusion-content-layout-column\"><div ><a class=\"fusion-button button-flat fusion-button-default-size button-custom fusion-button-default button-3 fusion-button-default-span fusion-button-default-type resource-download-button\" style=\"--button_accent_color:var(--awb-color1);--button_accent_hover_color:var(--awb-color1);--button_border_hover_color:var(--awb-color1);--button_gradient_top_color:var(--awb-custom_color_3);--button_gradient_bottom_color:var(--awb-custom_color_3);--button_gradient_top_color_hover:var(--awb-custom_color_1);--button_gradient_bottom_color_hover:var(--awb-custom_color_1);\" target=\"_blank\" rel=\"noopener noreferrer\" href=\"https:\/\/generation-e.ca\/wp-content\/uploads\/2022\/11\/Dans_le_noir_notes_de_presentation_de_lenseignant.pdf\"><span class=\"fusion-button-text awb-button__text awb-button__text--default\">T\u00e9l\u00e9charger les notes de pr\u00e9sentation de l\u2019enseignant<\/span><i class=\"fa-arrow-down fas awb-button__icon awb-button__icon--default button-icon-right\" aria-hidden=\"true\"><\/i><\/a><\/div><\/div><\/div><\/div><\/div><\/p>\n","protected":false},"excerpt":{"rendered":"","protected":false},"featured_media":746,"menu_order":4,"template":"","resource_age_ranges":[32],"class_list":["post-1030","resources","type-resources","status-publish","has-post-thumbnail","hentry","resource_age_ranges-6-annee"],"yoast_head":"<!-- This site is optimized with the Yoast SEO plugin v27.3 - https:\/\/yoast.com\/product\/yoast-seo-wordpress\/ -->\n<title>Imaginez: trois jours sans \u00e9lectricit\u00e9 - Generation E<\/title>\n<meta name=\"robots\" content=\"index, follow, max-snippet:-1, max-image-preview:large, max-video-preview:-1\" \/>\n<link rel=\"canonical\" href=\"https:\/\/generation-e.ca\/fr\/ressources\/imaginez-trois-jours-sans-electricite\/\" \/>\n<meta property=\"og:locale\" content=\"fr_FR\" \/>\n<meta property=\"og:type\" content=\"article\" \/>\n<meta property=\"og:title\" content=\"Imaginez: trois jours sans \u00e9lectricit\u00e9 - Generation E\" \/>\n<meta property=\"og:url\" content=\"https:\/\/generation-e.ca\/fr\/ressources\/imaginez-trois-jours-sans-electricite\/\" \/>\n<meta property=\"og:site_name\" content=\"Generation E\" \/>\n<meta property=\"article:modified_time\" content=\"2026-01-27T03:09:26+00:00\" \/>\n<meta property=\"og:image\" content=\"https:\/\/generation-e.ca\/wp-content\/uploads\/2022\/09\/GenerationE-Brand-Icons_Lights-Out-1.png\" \/>\n\t<meta property=\"og:image:width\" content=\"314\" \/>\n\t<meta property=\"og:image:height\" content=\"296\" \/>\n\t<meta property=\"og:image:type\" content=\"image\/png\" \/>\n<meta name=\"twitter:card\" content=\"summary_large_image\" \/>\n<meta name=\"twitter:label1\" content=\"Dur\u00e9e de lecture estim\u00e9e\" \/>\n\t<meta name=\"twitter:data1\" content=\"1 minute\" \/>\n<script type=\"application\/ld+json\" class=\"yoast-schema-graph\">{\"@context\":\"https:\\\/\\\/schema.org\",\"@graph\":[{\"@type\":\"WebPage\",\"@id\":\"https:\\\/\\\/generation-e.ca\\\/fr\\\/ressources\\\/imaginez-trois-jours-sans-electricite\\\/\",\"url\":\"https:\\\/\\\/generation-e.ca\\\/fr\\\/ressources\\\/imaginez-trois-jours-sans-electricite\\\/\",\"name\":\"Imaginez: trois jours sans \u00e9lectricit\u00e9 - Generation E\",\"isPartOf\":{\"@id\":\"https:\\\/\\\/generation-e.ca\\\/fr\\\/#website\"},\"primaryImageOfPage\":{\"@id\":\"https:\\\/\\\/generation-e.ca\\\/fr\\\/ressources\\\/imaginez-trois-jours-sans-electricite\\\/#primaryimage\"},\"image\":{\"@id\":\"https:\\\/\\\/generation-e.ca\\\/fr\\\/ressources\\\/imaginez-trois-jours-sans-electricite\\\/#primaryimage\"},\"thumbnailUrl\":\"https:\\\/\\\/generation-e.ca\\\/wp-content\\\/uploads\\\/2022\\\/09\\\/GenerationE-Brand-Icons_Lights-Out-1.png\",\"datePublished\":\"2022-09-14T19:05:04+00:00\",\"dateModified\":\"2026-01-27T03:09:26+00:00\",\"inLanguage\":\"fr-FR\",\"potentialAction\":[{\"@type\":\"ReadAction\",\"target\":[\"https:\\\/\\\/generation-e.ca\\\/fr\\\/ressources\\\/imaginez-trois-jours-sans-electricite\\\/\"]}]},{\"@type\":\"ImageObject\",\"inLanguage\":\"fr-FR\",\"@id\":\"https:\\\/\\\/generation-e.ca\\\/fr\\\/ressources\\\/imaginez-trois-jours-sans-electricite\\\/#primaryimage\",\"url\":\"https:\\\/\\\/generation-e.ca\\\/wp-content\\\/uploads\\\/2022\\\/09\\\/GenerationE-Brand-Icons_Lights-Out-1.png\",\"contentUrl\":\"https:\\\/\\\/generation-e.ca\\\/wp-content\\\/uploads\\\/2022\\\/09\\\/GenerationE-Brand-Icons_Lights-Out-1.png\",\"width\":314,\"height\":296},{\"@type\":\"WebSite\",\"@id\":\"https:\\\/\\\/generation-e.ca\\\/fr\\\/#website\",\"url\":\"https:\\\/\\\/generation-e.ca\\\/fr\\\/\",\"name\":\"Generation E\",\"description\":\"Efficiency Manitoba\",\"potentialAction\":[{\"@type\":\"SearchAction\",\"target\":{\"@type\":\"EntryPoint\",\"urlTemplate\":\"https:\\\/\\\/generation-e.ca\\\/fr\\\/?s={search_term_string}\"},\"query-input\":{\"@type\":\"PropertyValueSpecification\",\"valueRequired\":true,\"valueName\":\"search_term_string\"}}],\"inLanguage\":\"fr-FR\"}]}<\/script>\n<!-- \/ Yoast SEO plugin. -->","yoast_head_json":{"title":"Imaginez: trois jours sans \u00e9lectricit\u00e9 - Generation E","robots":{"index":"index","follow":"follow","max-snippet":"max-snippet:-1","max-image-preview":"max-image-preview:large","max-video-preview":"max-video-preview:-1"},"canonical":"https:\/\/generation-e.ca\/fr\/ressources\/imaginez-trois-jours-sans-electricite\/","og_locale":"fr_FR","og_type":"article","og_title":"Imaginez: trois jours sans \u00e9lectricit\u00e9 - Generation E","og_url":"https:\/\/generation-e.ca\/fr\/ressources\/imaginez-trois-jours-sans-electricite\/","og_site_name":"Generation E","article_modified_time":"2026-01-27T03:09:26+00:00","og_image":[{"width":314,"height":296,"url":"https:\/\/generation-e.ca\/wp-content\/uploads\/2022\/09\/GenerationE-Brand-Icons_Lights-Out-1.png","type":"image\/png"}],"twitter_card":"summary_large_image","twitter_misc":{"Dur\u00e9e de lecture estim\u00e9e":"1 minute"},"schema":{"@context":"https:\/\/schema.org","@graph":[{"@type":"WebPage","@id":"https:\/\/generation-e.ca\/fr\/ressources\/imaginez-trois-jours-sans-electricite\/","url":"https:\/\/generation-e.ca\/fr\/ressources\/imaginez-trois-jours-sans-electricite\/","name":"Imaginez: trois jours sans \u00e9lectricit\u00e9 - Generation E","isPartOf":{"@id":"https:\/\/generation-e.ca\/fr\/#website"},"primaryImageOfPage":{"@id":"https:\/\/generation-e.ca\/fr\/ressources\/imaginez-trois-jours-sans-electricite\/#primaryimage"},"image":{"@id":"https:\/\/generation-e.ca\/fr\/ressources\/imaginez-trois-jours-sans-electricite\/#primaryimage"},"thumbnailUrl":"https:\/\/generation-e.ca\/wp-content\/uploads\/2022\/09\/GenerationE-Brand-Icons_Lights-Out-1.png","datePublished":"2022-09-14T19:05:04+00:00","dateModified":"2026-01-27T03:09:26+00:00","inLanguage":"fr-FR","potentialAction":[{"@type":"ReadAction","target":["https:\/\/generation-e.ca\/fr\/ressources\/imaginez-trois-jours-sans-electricite\/"]}]},{"@type":"ImageObject","inLanguage":"fr-FR","@id":"https:\/\/generation-e.ca\/fr\/ressources\/imaginez-trois-jours-sans-electricite\/#primaryimage","url":"https:\/\/generation-e.ca\/wp-content\/uploads\/2022\/09\/GenerationE-Brand-Icons_Lights-Out-1.png","contentUrl":"https:\/\/generation-e.ca\/wp-content\/uploads\/2022\/09\/GenerationE-Brand-Icons_Lights-Out-1.png","width":314,"height":296},{"@type":"WebSite","@id":"https:\/\/generation-e.ca\/fr\/#website","url":"https:\/\/generation-e.ca\/fr\/","name":"Generation E","description":"Efficiency Manitoba","potentialAction":[{"@type":"SearchAction","target":{"@type":"EntryPoint","urlTemplate":"https:\/\/generation-e.ca\/fr\/?s={search_term_string}"},"query-input":{"@type":"PropertyValueSpecification","valueRequired":true,"valueName":"search_term_string"}}],"inLanguage":"fr-FR"}]}},"_links":{"self":[{"href":"https:\/\/generation-e.ca\/fr\/wp-json\/wp\/v2\/resources\/1030","targetHints":{"allow":["GET"]}}],"collection":[{"href":"https:\/\/generation-e.ca\/fr\/wp-json\/wp\/v2\/resources"}],"about":[{"href":"https:\/\/generation-e.ca\/fr\/wp-json\/wp\/v2\/types\/resources"}],"wp:featuredmedia":[{"embeddable":true,"href":"https:\/\/generation-e.ca\/fr\/wp-json\/wp\/v2\/media\/746"}],"wp:attachment":[{"href":"https:\/\/generation-e.ca\/fr\/wp-json\/wp\/v2\/media?parent=1030"}],"wp:term":[{"taxonomy":"resource_age_ranges","embeddable":true,"href":"https:\/\/generation-e.ca\/fr\/wp-json\/wp\/v2\/resource_age_ranges?post=1030"}],"curies":[{"name":"wp","href":"https:\/\/api.w.org\/{rel}","templated":true}]}}

Imaginez: trois jours sans électricité

<p><div class="fusion-fullwidth fullwidth-box fusion-builder-row-1 fusion-flex-container has-pattern-background has-mask-background nonhundred-percent-fullwidth non-hundred-percent-height-scrolling" style="--awb-border-radius-top-left:0px;--awb-border-radius-top-right:0px;--awb-border-radius-bottom-right:0px;--awb-border-radius-bottom-left:0px;--awb-padding-right:0px;--awb-padding-left:0px;--awb-flex-wrap:wrap;" ><div class="fusion-builder-row fusion-row fusion-flex-align-items-flex-start fusion-flex-content-wrap" style="max-width:1248px;margin-left: calc(-4% / 2 );margin-right: calc(-4% / 2 );"><div class="fusion-layout-column fusion_builder_column fusion-builder-column-0 fusion_builder_column_1_1 1_1 fusion-flex-column" style="--awb-bg-size:cover;--awb-width-large:100%;--awb-margin-top-large:0px;--awb-spacing-right-large:1.92%;--awb-margin-bottom-large:20px;--awb-spacing-left-large:1.92%;--awb-width-medium:100%;--awb-order-medium:0;--awb-spacing-right-medium:1.92%;--awb-spacing-left-medium:1.92%;--awb-width-small:100%;--awb-order-small:0;--awb-spacing-right-small:1.92%;--awb-spacing-left-small:1.92%;"><div class="fusion-column-wrapper fusion-column-has-shadow fusion-flex-justify-content-flex-start fusion-content-layout-column"><div class="fusion-text fusion-text-1"><p>Les élèves seront invités à planifier la manière dont ils réagiraient à trois jours sans électricité. Ils réfléchiront à la façon dont leurs activités quotidiennes typiques changeraient, par exemple comment ils se déplaceraient, comment ils occuperaient leur temps, ce qu’ils mangeraient et comment ils cuisineraient leurs aliments. Cette activité encourage les élèves à réfléchir aux façons dont ils utilisent ou économisent l’énergie dans leurs activités quotidiennes.</p>
</div></div></div></div></div><div class="fusion-fullwidth fullwidth-box fusion-builder-row-2 fusion-flex-container has-pattern-background has-mask-background nonhundred-percent-fullwidth non-hundred-percent-height-scrolling" style="--awb-border-radius-top-left:0px;--awb-border-radius-top-right:0px;--awb-border-radius-bottom-right:0px;--awb-border-radius-bottom-left:0px;--awb-padding-right:0px;--awb-padding-left:0px;--awb-flex-wrap:wrap;" ><div class="fusion-builder-row fusion-row fusion-flex-align-items-flex-start fusion-flex-content-wrap" style="max-width:1248px;margin-left: calc(-4% / 2 );margin-right: calc(-4% / 2 );"><div class="fusion-layout-column fusion_builder_column fusion-builder-column-1 fusion_builder_column_1_1 1_1 fusion-flex-column resource-download-area" style="--awb-bg-size:cover;--awb-width-large:100%;--awb-margin-top-large:0px;--awb-spacing-right-large:1.92%;--awb-margin-bottom-large:20px;--awb-spacing-left-large:1.92%;--awb-width-medium:100%;--awb-order-medium:0;--awb-spacing-right-medium:1.92%;--awb-spacing-left-medium:1.92%;--awb-width-small:100%;--awb-order-small:0;--awb-spacing-right-small:1.92%;--awb-spacing-left-small:1.92%;"><div class="fusion-column-wrapper fusion-column-has-shadow fusion-flex-justify-content-flex-start fusion-content-layout-column"><div ><a class="fusion-button button-flat fusion-button-default-size button-custom fusion-button-default button-1 fusion-button-default-span fusion-button-default-type resource-download-button" style="--button_accent_color:var(--awb-color1);--button_accent_hover_color:var(--awb-color1);--button_border_hover_color:var(--awb-color1);--button_gradient_top_color:var(--awb-custom_color_3);--button_gradient_bottom_color:var(--awb-custom_color_3);--button_gradient_top_color_hover:var(--awb-custom_color_1);--button_gradient_bottom_color_hover:var(--awb-custom_color_1);" target="_blank" rel="noopener noreferrer" href="https://generation-e.ca/wp-content/uploads/2022/11/Dans_le_noir_plan_de_lecon.pdf"><span class="fusion-button-text awb-button__text awb-button__text--default">Télécharger le plan de leçon</span><i class="fa-arrow-down fas awb-button__icon awb-button__icon--default button-icon-right" aria-hidden="true"></i></a></div><div ><a class="fusion-button button-flat fusion-button-default-size button-custom fusion-button-default button-2 fusion-button-default-span fusion-button-default-type resource-download-button" style="--button_accent_color:var(--awb-color1);--button_accent_hover_color:var(--awb-color1);--button_border_hover_color:var(--awb-color1);--button_gradient_top_color:var(--awb-custom_color_3);--button_gradient_bottom_color:var(--awb-custom_color_3);--button_gradient_top_color_hover:var(--awb-custom_color_1);--button_gradient_bottom_color_hover:var(--awb-custom_color_1);" target="_blank" rel="noopener noreferrer" href="https://generation-e.ca/wp-content/uploads/2022/11/Dans_le_noir_presentation.pdf"><span class="fusion-button-text awb-button__text awb-button__text--default">Télécharger la présentation</span><i class="fa-arrow-down fas awb-button__icon awb-button__icon--default button-icon-right" aria-hidden="true"></i></a></div></div></div><div class="fusion-layout-column fusion_builder_column fusion-builder-column-2 fusion_builder_column_1_1 1_1 fusion-flex-column resource-download-area" style="--awb-bg-size:cover;--awb-width-large:100%;--awb-margin-top-large:0px;--awb-spacing-right-large:1.92%;--awb-margin-bottom-large:20px;--awb-spacing-left-large:1.92%;--awb-width-medium:100%;--awb-order-medium:0;--awb-spacing-right-medium:1.92%;--awb-spacing-left-medium:1.92%;--awb-width-small:100%;--awb-order-small:0;--awb-spacing-right-small:1.92%;--awb-spacing-left-small:1.92%;"><div class="fusion-column-wrapper fusion-column-has-shadow fusion-flex-justify-content-flex-start fusion-content-layout-column"><div ><a class="fusion-button button-flat fusion-button-default-size button-custom fusion-button-default button-3 fusion-button-default-span fusion-button-default-type resource-download-button" style="--button_accent_color:var(--awb-color1);--button_accent_hover_color:var(--awb-color1);--button_border_hover_color:var(--awb-color1);--button_gradient_top_color:var(--awb-custom_color_3);--button_gradient_bottom_color:var(--awb-custom_color_3);--button_gradient_top_color_hover:var(--awb-custom_color_1);--button_gradient_bottom_color_hover:var(--awb-custom_color_1);" target="_blank" rel="noopener noreferrer" href="https://generation-e.ca/wp-content/uploads/2022/11/Dans_le_noir_notes_de_presentation_de_lenseignant.pdf"><span class="fusion-button-text awb-button__text awb-button__text--default">Télécharger les notes de présentation de l’enseignant</span><i class="fa-arrow-down fas awb-button__icon awb-button__icon--default button-icon-right" aria-hidden="true"></i></a></div></div></div></div></div></p>

<!-- This site is optimized with the Yoast SEO plugin v27.3 - https://yoast.com/product/yoast-seo-wordpress/ -->
<title>Imaginez: trois jours sans électricité - Generation E</title>
<meta name="robots" content="index, follow, max-snippet:-1, max-image-preview:large, max-video-preview:-1" />
<link rel="canonical" href="https://generation-e.ca/fr/ressources/imaginez-trois-jours-sans-electricite/" />
<meta property="og:locale" content="fr_FR" />
<meta property="og:type" content="article" />
<meta property="og:title" content="Imaginez: trois jours sans électricité - Generation E" />
<meta property="og:url" content="https://generation-e.ca/fr/ressources/imaginez-trois-jours-sans-electricite/" />
<meta property="og:site_name" content="Generation E" />
<meta property="article:modified_time" content="2026-01-27T03:09:26+00:00" />
<meta property="og:image" content="https://generation-e.ca/wp-content/uploads/2022/09/GenerationE-Brand-Icons_Lights-Out-1.png" />
	<meta property="og:image:width" content="314" />
	<meta property="og:image:height" content="296" />
	<meta property="og:image:type" content="image/png" />
<meta name="twitter:card" content="summary_large_image" />
<meta name="twitter:label1" content="Durée de lecture estimée" />
	<meta name="twitter:data1" content="1 minute" />
<script type="application/ld+json" class="yoast-schema-graph">{"@context":"https:\/\/schema.org","@graph":[{"@type":"WebPage","@id":"https:\/\/generation-e.ca\/fr\/ressources\/imaginez-trois-jours-sans-electricite\/","url":"https:\/\/generation-e.ca\/fr\/ressources\/imaginez-trois-jours-sans-electricite\/","name":"Imaginez: trois jours sans électricité - Generation E","isPartOf":{"@id":"https:\/\/generation-e.ca\/fr\/#website"},"primaryImageOfPage":{"@id":"https:\/\/generation-e.ca\/fr\/ressources\/imaginez-trois-jours-sans-electricite\/#primaryimage"},"image":{"@id":"https:\/\/generation-e.ca\/fr\/ressources\/imaginez-trois-jours-sans-electricite\/#primaryimage"},"thumbnailUrl":"https:\/\/generation-e.ca\/wp-content\/uploads\/2022\/09\/GenerationE-Brand-Icons_Lights-Out-1.png","datePublished":"2022-09-14T19:05:04+00:00","dateModified":"2026-01-27T03:09:26+00:00","inLanguage":"fr-FR","potentialAction":[{"@type":"ReadAction","target":["https:\/\/generation-e.ca\/fr\/ressources\/imaginez-trois-jours-sans-electricite\/"]}]},{"@type":"ImageObject","inLanguage":"fr-FR","@id":"https:\/\/generation-e.ca\/fr\/ressources\/imaginez-trois-jours-sans-electricite\/#primaryimage","url":"https:\/\/generation-e.ca\/wp-content\/uploads\/2022\/09\/GenerationE-Brand-Icons_Lights-Out-1.png","contentUrl":"https:\/\/generation-e.ca\/wp-content\/uploads\/2022\/09\/GenerationE-Brand-Icons_Lights-Out-1.png","width":314,"height":296},{"@type":"WebSite","@id":"https:\/\/generation-e.ca\/fr\/#website","url":"https:\/\/generation-e.ca\/fr\/","name":"Generation E","description":"Efficiency Manitoba","potentialAction":[{"@type":"SearchAction","target":{"@type":"EntryPoint","urlTemplate":"https:\/\/generation-e.ca\/fr\/?s={search_term_string}"},"query-input":{"@type":"PropertyValueSpecification","valueRequired":true,"valueName":"search_term_string"}}],"inLanguage":"fr-FR"}]}</script>
<!-- / Yoast SEO plugin. -->

Imaginez: trois jours sans électricité - Generation E
